 1270?
-1274
In base 10, what is -6 - -55?
49
In base 5, what is -10 + 332?
322
In base 14, what is -1 + -101?
-102
In base 5, what is -232131 - -1?
-232130
In base 6, what is 225 + 4?
233
In base 14, what is 1c27 + -4?
1c23
In base 5, what is -10 - -31221?
31211
In base 5, what is -3 + 0?
-3
In base 11, what is -41 - -30?
-11
In base 8, what is 4 + -174?
-170
In base 8, what is -20 + 4?
-14
In base 16, what is -2e8 - 2?
-2ea
In base 16, what is -2e - -1?
-2d
In base 6, what is -4 - -1305?
1301
In base 12, what is -1 + -14?
-15
In base 5, what is 2 + -2103?
-2101
In base 5, what is -2001 + -13?
-2014
In base 12, what is a3 - -4?
a7
In base 3, what is -1011111210 + 10?
-1011111200
In base 8, what is -62 - 16?
-100
In base 10, what is -1 + 74?
73
In base 16, what is -33d - 2?
-33f
In base 9, what is 52 - -5?
57
In base 9, what is 84 - 0?
84
In base 14, what is -981 + 3?
-97c
In base 3, what is 2 + -101?
-22
In base 12, what is -114 - -4?
-110
In base 10, what is 6 + 18?
24
In base 7, what is 5 + -3532?
-3524
In base 7, what is -2 + 104?
102
In base 3, what is 12 + 1010112?
1010201
In base 12, what is 0 - b?
-b
In base 6, what is -111345 + 0?
-111345
In base 4, what is 3 + -12213?
-12210
In base 15, what is 2 + -b?
-9
In base 7, what is 2066 + -3?
2063
In base 5, what is -1 + 33?
32
In base 11, what is -10 - -495?
485
In base 4, what is 12012 + 10?
12022
In base 2, what is -100 + -11101?
-100001
In base 10, what is -26 + -9?
-35
In base 14, what is c - 30?
-22
In base 4, what is 10 + 10222?
10232
In base 11, what is -5 - 5?
-a
In base 15, what is 3 + 7a?
7d
In base 3, what is -10100 - 20?
-10120
In base 8, what is -7 + 275?
266
In base 14, what is -1d6b + 5?
-1d66
In base 10, what is 9 - -22?
31
In base 13, what is -2c - 2?
-31
In base 10, what is -1 + 27?
26
In base 16, what is 1 + 34?
35
In base 13, what is 5 - 14?
-c
In base 7, what is -52 - -10?
-42
In base 10, what is 3 + -118?
-115
In base 5, what is -13 - 134?
-202
In base 12, what is -2792 - -4?
-278a
In base 5, what is 10 - -104003?
104013
In base 8, what is -3 - 3734?
-3737
In base 14, what is -3 + -75?
-78
In base 9, what is -3 + 171?
167
In base 14, what is -391 - 3?
-394
In base 8, what is -4 + 1603?
1577
In base 15, what is -2 + -50?
-52
In base 2, what is -10 + -11100011?
-11100101
In base 14, what is 503 + 5?
508
In base 3, what is -2 - 12?
-21
In base 15, what is -6a + 11?
-59
In base 2, what is -11100101110 - 100?
-11100110010
In base 7, what is -214 + 14?
-200
In base 4, what is 121 - -130?
311
In base 14, what is 2 - -3a?
3c
In base 6, what is 3 + 1421?
1424
In base 9, what is 216 + -3?
213
In base 13, what is -1 - 49?
-4a
In base 12, what is 43 + 47?
8a
In base 10, what is 4779 + 4?
4783
In base 11, what is 4 + -57?
-53
In base 3, what is 21102 + -101?
21001
In base 6, what is -3 + 2245?
2242
In base 2, what is 110 - 1010110101111?
-1010110101001
In base 15, what is -4 + -43?
-47
In base 2, what is 1001 - -101?
1110
In base 5, what is -30 + -3010?
-3040
In base 4, what is -313 - 0?
-313
In base 7, what is -140 - 1?
-141
In base 9, what is 16 - -1?
17
In base 15, what is -867 + -1?
-868
In base 8, what is -4 + -44?
-50
In base 14, what is -b23 - d?
-b32
In base 9, what is 1046 - 7?
1038
In base 11, what is 170 + -6?
165
In base 2, what is -110 + 11000?
10010
In base 13, what is -15 - -a?
-8
In base 11, what is -77 - 19?
-95
In base 12, what is 7 + -110?
-105
In base 3, what is 12022022 + 11?
12022110
In base 3, what is -1 - -102100?
102022
In base 14, what is -5 - a?
-11
In base 10, what is 4 - -230?
234
In base 16, what is 477 + 4?
47b
In base 11, what is 1 - -6?
7
In base 10, what is 0 - -79?
79
In base 11, what is 62 - -10?
72
In base 15, what is -2 - -2a?
28
In base 16, what is 1 + 2e?
2f
In base 12, what is -63 + 19?
-46
In base 5, what is 31 + 30?
111
In base 10, what is 5 - -39?
44
In base 4, what is -11 + 121?
110
In base 7, what is -112 + 101?
-11
In base 13, what is -5 - 14c?
-154
In base 16, what is -28 + 1d?
-b
In base 15, what is -16 + 4?
-12
In base 13, what is -7 + -540?
-547
In base 9, what is 1 + 35?
36
In base 16, what is -b3 - -75?
-3e
In base 13, what is -4 + b1?
aa
In base 10, what is -1 + 75?
74
In base 5, what is -223 + -1100?
-1323
In base 10, what is -2 + -91?
-93
In base 9, what is 507 - 4?
503
In base 11, what is 20a + -2?
208
In base 6, what is 4 - 4515?
-4511
In base 14, what is c + 127?
135
In base 15, what is -19 - 1d5?
-1ee
In base 7, what is -12 - -12?
0
In base 6, what is 142 + -41?
101
In base 14, what is -29 + 12?
-17
In base 6, what is 23441 - 3?
23434
In base 2, what is 111 - -1100101000?
1100101111
In base 9, what is 0 - -1061?
1061
In base 14, what is -53 - -a?
-47
In base 4, what is -220 + 2113?
1233
In base 4, what is -30 + -320?
-1010
In base 5, what is -2 + 1104?
1102
In base 10, what is 5 - 105?
-100
In base 16, what is b84 + 5?
b89
In base 13, what is 6 + -37?
-31
In base 15, what is -65 - 4?
-69
In base 14, what is 55 + 5?
5a
In base 13, what is 169 - -a?
176
In base 10, what is -5 + 953?
948
In base 10, what is 0 - -4?
4
In base 10, what is 18267 + 1?
18268
In base 4, what is 11 - 223?
-212
In base 6, what is -1 + -53?
-54
In base 5, what is 30424 + 4?
30433
In base 16, what is a0 + -10?
90
In base 11, what is 2 + -616?
-614
In base 11, what is 5 + -8a6?
-8a1
In base 15, what is -5a + -31?
-8b
In base 11, what is -769 + -2?
-770
In base 8, what is 32 - 15?
15
In base 13, what is 1b + -125?
-107
In base 16, what is -18 + -2?
-1a
In base 7, what is -1336 + 5?
-1331
In base 2, what is -1 - 1?
-10
In base 15, what is a - -34c?
357
In base 6, what is -1251 + 4?
-1243
In base 13, what is 23 - 55?
-32
In base 4, what is -1002 - 30?
-1032
In base 5, what is 10034 + -1?
10033
In base 10, what is -599 + -1?
-600
In base 12, what is -1 + 11a?
119
In base 11, what is 1 - 0?
1
In base 14, what is 1c4 - -c?
1d2
In base 4, what is 11230 + 230?
12120
In base 10, what is -533 + 5?
-528
In base 4, what is 320 + 2?
322
In base 14, what is cbd + 2?
cc1
In base 3, what is 10010 - -2101?
12111
In base 15, what is -4 + -1b1?
-1b5
In base 8, what is 206 + -2?
204
In base 7, what is -4 - 264?
-301
In base 12, what is -1 + 74?
73
In base 6, what is -2443 - -2?
-2441
In base 13, what is -6 + 0?
-6
In base 14, what is 0 + 176b?
176b
In base 2, what is -101100 - 101?
-110001
In base 13, what is 3 + 3cb?
401
In base 5, what is -14 + -1110?
-1124
In base 7, what is -21 + 235?
214
In base 14, what is -5 + a?
5
In base 10, what is -7 - -37?
30
In base 11, what is -65 - 7?
-71
In base 5, what is -43 + -2210?
-2303
In base 13, what is -16 - -a?
-9
In base 4, what is 3120 + 0?
3120
In base 6, what is 2 - -2502?
2504
In base 13, what is 5b - 0?
5b
In base 8, what is -2 + 302?
300
In base 5, what is 1231 + 31?
1312
In base 11, what is 11 + -7?
5
In base 3, what is -120 - -1022112?
1021222
In base 10, what is 5 - -358?
363
In base 2, what is 1001 - -10100?
11101
In base 4, what is -22 + 101?
13
In base 11, what is 5 - -4?
9
In base 4, what is -32 + 202?
110
In base 13, what is -89 - -5?
-84
In base 4, what is 10 + -101022?
-101012
In base 13, what is -331b + -5?
-3323
In base 13, what is 4 + b7?
bb
In base 15, what is -896 + 10?
-886
In base 5, what is -12 - 20223?
-20240
In base 16, what is -4 - -295?
291
In base 12, what is a3 + -2?
a1
In base 5, what is 103 - -3?
111
In base 16, what is 4 - 5?
-1
In base 3, what is 12121020 + -2?
12121011
In base 15, what is 34 - -4?
38
In base 13, what is 9 + -9?
0
In base 3, what is 1221112 + -2?
1221110
In base 15, what is 6c - -4?
71
In base 16, what is -1ef + -2?
-1f1
In base 3, what is -202210 + 2?
-202201
In base 13, what is 7 - -1b?
25
In base 2, what is -10 - 100110?
-101000
In base 10, what is -297 + -5?
-302
In base 7, what is 5 - -1564?
1602
In base 2, what is -100101010 + 100?
-100100110
In base 8, what is 3 + 1046?
1051
In base 14, what is -13 - -3?
-10
In base 6, what is 302 - -3?
305
In base 6, what is 102 + 115?
221
In base 11, what is 153 - -2?
155
In base 13, what is 52 - 1?
51
In base 2, what is 111 - -11100?
100011
In base 5, what is 0 + -300?
-300
In base 7, what is -4105 + 3?
-4102
In base 6, what is 0 - -332?
332
In base 13, what is 133 + -1?
132
In base 6, what is 10401 + 5?
10410
In base 2, what is -1